 12223*b + 61090. Determine p(-5).
-25
Let y(r) = r**3 - 272*r**2 - 1947*r - 1940. Determine y(279).
-266
Let t(c) = c**3 - 9*c**2 - 411*c + 3765. Determine t(9).
66
Let l(u) = u**2 + 634*u + 72596. Give l(-484).
-4
Let n(m) = -m**2 - 59*m + 4594. Give n(-103).
62
Let w(l) = -5038*l + 62850. Determine w(13).
-2644
Let h(x) = 12*x**3 + 865*x**2 + 84*x + 850. Give h(-72).
-14
Let z(r) = -9*r**2 - 5570*r - 594145. Determine z(-137).
24
Let z(s) = -2*s**3 + 42*s**2 - 29*s - 53. What is z(20)?
167
Let f(r) = -343*r - 16507. Determine f(-48).
-43
Let j(o) = -4*o**2 + 23*o + 93. Determine j(9).
-24
Let j(y) = y**2 - 193*y + 1831. Give j(10).
1
Let t(x) = 10*x**3 + 156*x**2 - 1033*x + 2128. Calculate t(-21).
7
Let q(m) = 2*m**3 - 10*m**2 - 232*m + 685. Determine q(-10).
5
Let k(l) = 8*l**2 + 224*l + 877. Calculate k(-6).
-179
Let m(y) = 6*y**2 + 436*y - 447. Determine m(1).
-5
Let x(z) = 17*z**2 - 1805*z + 7244. What is x(4)?
296
Let y(z) = 135*z**3 + 4858*z**2 - 32*z - 18. Give y(-36).
-1458
Let s(a) = 5*a**3 + 5*a**2 + 143*a + 913. Give s(-6).
-845
Let s(q) = 6*q**3 + 4*q**2 + 1205*q + 7201. Determine s(-6).
-1181
Let b(j) = 1954965*j - 17594678. Give b(9).
7
Let h(g) = -3*g**3 + 70*g**2 - 9*g + 19. Give h(23).
341
Let o(v) = -1416*v - 153830. What is o(-106)?
-3734
Let k(l) = -65*l**2 + 263*l - 49. Determine k(3).
155
Let q(u) = -u**3 + 37*u**2 + 1432*u - 2865. What is q(-25)?
85
Let k(a) = -1467*a + 293414. Give k(200).
14
Let d(y) = -y**2 - 65*y - 1206. Calculate d(-33).
-150
Let n(o) = -o**3 - 20*o**2 - 98*o + 43. Give n(-9).
34
Let l(z) = -26149*z + 33156935. What is l(1268)?
3
Let g(v) = -7*v**3 + 25*v**2 - 25*v + 166. Determine g(4).
18
Let r(j) = -3650*j - 693505. Give r(-190).
-5
Let x(r) = -r**3 - 629*r**2 + 14310*r + 90. Give x(22).
-174
Let f(n) = 140*n - 20047. Calculate f(134).
-1287
Let h(r) = -2328*r + 819453. What is h(352)?
-3
Let d(g) = 2*g**3 + 21*g**2 - 239*g - 1561. Give d(-15).
-1
Let o(h) = -h**3 - 74*h**2 - 279*h - 600. Determine o(-70).
-670
Let u(s) = -21280*s**2 + 2574880*s + 4. Calculate u(121).
4
Let y(t) = 2*t**2 + 163*t - 2690. Determine y(-105).
2245
Let l(f) = -13*f**2 + 1452*f - 9135. Give l(105).
0
Let a(r) = -r**3 - 86*r**2 + 1344*r + 126950. Give a(-84).
-58
Let q(p) = -5811*p - 162715. What is q(-28)?
-7
Let a(l) = 570*l - 116855. Determine a(205).
-5
Let a(o) = -3967*o + 173156. Give a(44).
-1392
Let h(s) = -843*s + 96114. Give h(114).
12
Let b(y) = -24*y**3 - 70*y**2 - y - 16. Give b(-3).
5
Let w(p) = p**3 + 556*p**2 - 1278*p - 90403. Determine w(-558).
-7
Let d(x) = 5530*x + 43997. Determine d(-8).
-243
Let w(c) = 49*c - 941. Calculate w(8).
-549
Let k(r) = -9*r**2 + 209*r + 625. Give k(26).
-25
Let f(n) = 3*n**3 - 43*n**2 - 14473*n + 202781. Give f(14).
-37
Let y(k) = k**2 + 350356*k - 700721. Determine y(2).
-5
Let z(m) = -m**2 - 2509*m + 2557290. Calculate z(778).
4
Let m(s) = -2022*s + 10023. Calculate m(5).
-87
Let m(f) = -7*f**2 + 4308*f - 52445. What is m(603)?
16
Let n(k) = 100847*k - 1109311. Determine n(11).
6
Let y(p) = -3517*p - 130343. Calculate y(-37).
-214
Let q(z) = 103*z**2 + 604*z + 16. What is q(-8)?
1776
Let x(d) = 2*d**3 + 10*d**2 - 824*d + 20. Determine x(-23).
-72
Let y(o) = o**2 + 2895*o - 336785. Give y(112).
-1
Let i(z) = 3*z**2 + 3462*z - 199489. Give i(55).
-4
Let n(v) = v**3 - 280*v**2 + 3794*v - 41. Determine n(14).
939
Let o(v) = 9*v**2 + 738*v - 4171. Determine o(-87).
-256
Let b(i) = -15*i**3 + 1395*i**2 - 22*i + 2054. Give b(93).
8
Let d(n) = 42*n - 6260. Calculate d(150).
40
Let b(q) = -4762*q - 2314382. Calculate b(-486).
-50
Let m(z) = 3*z**3 + 2*z**2 + 60*z - 351. Give m(5).
374
Let v(d) = 510*d + 97099. Determine v(-190).
199
Let w(n) = -558*n + 205867. Determine w(369).
-35
Let s(l) = l**3 + 10*l**2 - 223*l - 2042. Determine s(-9).
46
Let f(r) = r**2 + 38*r - 1284. Give f(-66).
564
Let d(l) = 649797*l - 4548584. Calculate d(7).
-5
Let f(m) = 2*m**2 - 100*m - 1838044. Calculate f(-934).
68
Let s(z) = -2136970*z - 14958793. Give s(-7).
-3
Let i(u) = u**3 - 11*u**2 + 5*u - 392. Determine i(10).
-442
Let i(k) = -k**2 - 646*k + 49123. Calculate i(69).
-212
Let i(t) = 21*t**2 - 608*t - 33. What is i(30)?
627
Let m(s) = 36163*s + 108488. Give m(-3).
-1
Let n(b) = -7748*b + 22359. Calculate n(3).
-885
Let z(s) = s**3 + s**2 + 361*s + 362. What is z(-1)?
1
Let d(p) = -5506*p - 330314. Determine d(-60).
46
Let r(s) = 263002*s + 2104029. Give r(-8).
13
Let b(p) = p**2 - 28*p - 3977. Determine b(71).
-924
Let x(t) = t**2 + 7701*t + 61549. What is x(-8)?
5
Let v(p) = -p**3 - 94*p**2 + 9*p + 2325. Determine v(-94).
1479
Let p(k) = 7*k**2 + 45*k - 77. Calculate p(-5).
-127
Let p(r) = -r**2 - 18*r + 6329. Give p(71).
10
Let v(b) = 30001*b + 89972. Determine v(-3).
-31
Let s(r) = -16*r**2 - 207*r + 395. Give s(-15).
-100
Let i(d) = 621*d**2 + 21688*d - 1645. Determine i(-35).
0
Let q(c) = 24*c**2 - 3263*c + 3065. Give q(135).
-40
Let l(x) = 636*x**3 + 7*x**2 + 3*x - 5. Determine l(1).
641
Let k(b) = -30*b**2 + 115*b + 193. Calculate k(5).
18
Let o(w) = -35*w**2 + 550*w + 53. What is o(14)?
893
Let r(s) = s**2 - 679*s + 106463. What is r(238)?
1505
Let y(a) = -57087*a - 1255910. Calculate y(-22).
4
Let l(v) = 102*v + 21619. Calculate l(-220).
-821
Let o(r) = -r**3 + 30*r**2 - 3089*r + 40112. Calculate o(14).
2
Let h(l) = -l**3 - l**2 + 16*l - 91. Give h(8).
-539
Let k(c) = 2*c**2 + 718*c - 1846553. Give k(798).
19
Let d(s) = -49*s**2 + 1534*s - 1918. Give d(30).
2
Let i(n) = 1602*n + 30715. Determine i(-19).
277
Let v(c) = 49*c**2 + 1966*c - 16. Give v(-40).
-256
Let o(k) = -155*k + 10553. Determine o(69).
-142
Let u(q) = 11*q**2 + 14*q - 62. Give u(-3).
-5
Let i(u) = 6*u**2 - 328*u - 17. What is i(56)?
431
Let g(h) = -h**2 - 64712*h - 3491538. Determine g(-54).
-6
Let j(g) = 20*g**2 + 64*g + 85. Calculate j(-4).
149
Let d(c) = c**3 - 55*c**2 - 91*c - 1292. What is d(57)?
19
Let n(p) = 8070*p - 338936. Determine n(42).
4
Let b(z) = -2*z**2 + 97894*z - 2543884. What is b(26)?
8
Let m(i) = 15479*i - 7522800. What is m(486)?
-6
Let u(o) = 57986*o + 17279833. Give u(-298).
5
Let j(x) = -8*x**2 + 1451*x + 6. What is j(0)?
6
Let u(d) = -d**3 - 75*d**2 + 2012*d - 466. What is u(-96)?
-82
Let k(q) = 69248*q - 4016390. Determine k(58).
-6
Let h(b) = b**3 + 23*b**2 - 82*b - 1903. What is h(-23)?
-17
Let a(u) = 49*u + 2589. Give a(-33).
972
Let d(a) = -728*a + 53874. Calculate d(74).
2
Let u(w) = -2*w**3 - 22*w**2 + 1636*w + 14879. Determine u(-9).
-169
Let s(v) = -v**3 - 81*v**2 + 453*v + 2041. Determine s(-3).
-20
Let s(u) = -606*u + 64069. What is s(106)?
-167
Let z(r) = 68*r**2 - 467*r - 1417. Give z(-3).
596
Let y(t) = -399*t + 56146. Give y(141).
-113
Let y(g) = -8*g**3 - 611*g**2 - 3375*g + 13. Calculate y(-6).
-5
Let n(o) = o**2 - 2571*o - 41680. What is n(-16)?
-288
Let v(j) = 16*j**2 + 579*j - 14236. Give v(-53).
21
Let k(f) = -7136*f - 2276353. What is k(-319)?
31
Let x(f) = -1617*f + 7788. Give x(4).
1320
Let w(y) = 25*y**2 - 21095*y - 21096. Give w(-1).
24
Let g(v) = -29899*v + 1225977. What is g(41)?
118
Let j(x) = -29*x**3 - 4556*x**2 - 473*x - 314. Determine j(-157).
0
Let p(a) = 601*a - 4369. Give p(9).
1040
Let v(g) = g**2 - 8*g - 1369. Give v(-38).
379
Let h(w) = -20434*w - 81715. What is h(-4)?
21
Let r(c) = 174*c - 2236. Calculate r(13).
26
Let v(p) = 74562*p + 596445. Give v(-8).
-51
Let q(i) = i**3 + 7*i**2 - 3*i - 33. Give q(-5).
32
Let z(u) = -33708*u - 68096. Calculate z(-2).
-680
Let w(m) = 317204*m + 7930098. Calculate w(-25).
-2
Let j(i) = -3*i**2 + 14327*i - 540067. Determine j(38).
27
Let d(j) = 404422*j - 4853084. Calculate d(12).
-20
Let n(d) = 23*d**2 + 25*d - 168. Give n(5).
532
Let n(o) = 4340*o + 3124783. Calculate n(-720).
-17
Let y(d) = -169*d - 2595. Determine y(-9).
-1074
Let b(v) = -6*v**2 - 970*v + 1291. Calculate b(-169).
-6145
Let a(t) = 5*t**2 + 172*t + 40. Give a(-30).
-620
Let g(k) = 5*k**3 + 32*k**2 + 106*k + 148. Determine g(-6).
-416
Let w(f) = 1959*f - 7707. What is w(4)?
129
Let h(p) = 84*p**2 - 2*p - 4. What is h(4)?
1332
Let u(m) = -5*m**2 - 132*m + 917. What is u(6)?
-55
Let s(y) = -3*y**3 + 42*y**2 + 107*y - 18. Calculate s(16).
158
Let h(w) = 7907*w - 1265109. Determine h(160).
11
Let y(z) = 1304*z + 45348. Calculate y(-35).
-292
Let c